 highest common factor of 6140 and 17520?
20
Calculate the highest common factor of 4263 and 29779897.
1421
What is the highest common divisor of 217808 and 48?
16
Calculate the highest common factor of 40812 and 252748.
716
What is the highest common divisor of 2104712 and 70?
2
Calculate the highest common divisor of 2197 and 1060475.
169
What is the highest common divisor of 78962 and 6305?
13
Calculate the highest common factor of 7955794 and 76.
38
Calculate the greatest common factor of 22066 and 120802.
374
Calculate the greatest common factor of 12194 and 87758.
2
What is the highest common divisor of 10482374 and 1176?
98
Calculate the greatest common divisor of 12607000 and 82846.
3602
What is the greatest common factor of 46235003 and 41?
41
Calculate the highest common divisor of 108150 and 30695.
35
What is the highest common divisor of 1275311 and 54479?
157
What is the highest common divisor of 134527104 and 480?
96
What is the highest common factor of 60 and 299742?
6
Calculate the greatest common divisor of 33574724 and 35480.
3548
Calculate the greatest common divisor of 6 and 36952220.
2
What is the greatest common divisor of 3730 and 338440?
10
What is the greatest common divisor of 73600 and 22775?
25
Calculate the highest common factor of 1800 and 114700.
100
What is the highest common divisor of 4479710 and 33810?
230
What is the highest common factor of 46807255 and 2365?
55
What is the greatest common divisor of 12926001 and 1309?
187
What is the highest common divisor of 351617081 and 1427?
1427
What is the highest common factor of 1605078800 and 663?
221
Calculate the highest common divisor of 1048141 and 2201.
31
Calculate the greatest common divisor of 318 and 24248076.
6
What is the highest common factor of 16 and 14427528?
8
What is the greatest common divisor of 175530 and 57940?
10
Calculate the highest common divisor of 9678280 and 3406.
262
What is the highest common divisor of 30553944 and 12?
12
What is the greatest common factor of 110755 and 13870435?
6515
Calculate the highest common divisor of 4455 and 407220.
165
Calculate the highest common factor of 61268031 and 495.
99
What is the highest common factor of 245 and 338107?
7
What is the greatest common divisor of 530 and 10383230?
530
What is the highest common divisor of 102295 and 615?
205
What is the greatest common factor of 22422 and 29438?
2
Calculate the greatest common divisor of 343066 and 39766.
674
What is the greatest common divisor of 925605 and 127233?
603
What is the highest common divisor of 89182 and 628558?
34
What is the greatest common factor of 23220 and 8626660?
860
What is the greatest common factor of 260 and 1732670?
10
Calculate the greatest common factor of 82496184 and 174.
174
What is the highest common factor of 328 and 346465334?
82
What is the highest common factor of 14229090 and 5550?
1110
Calculate the highest common divisor of 551754165 and 3471.
267
Calculate the highest common divisor of 531280 and 14935.
145
Calculate the highest common factor of 1739 and 187949381.
1739
What is the highest common factor of 3356808 and 365400?
4872
What is the greatest common factor of 353080 and 406624?
776
Calculate the highest common factor of 19 and 20337011.
19
Calculate the highest common divisor of 473 and 8123511.
11
Calculate the highest common divisor of 586703 and 91.
13
Calculate the greatest common divisor of 7390745 and 4905.
545
What is the highest common factor of 32058543 and 1668?
417
Calculate the highest common factor of 79495425 and 900.
225
What is the highest common divisor of 1046875 and 94805?
335
Calculate the highest common factor of 264 and 7364784.
24
Calculate the greatest common factor of 3384532 and 1467.
163
Calculate the highest common factor of 1218 and 59468850.
1218
Calculate the greatest common factor of 3762 and 13786058.
418
Calculate the greatest common factor of 345103 and 13563.
1507
What is the greatest common factor of 3934400 and 100?
100
Calculate the highest common divisor of 598740 and 3630595.
2935
Calculate the highest common divisor of 608917 and 742.
53
What is the highest common factor of 32445 and 15245751?
309
Calculate the greatest common factor of 7385776 and 121634.
1994
What is the greatest common divisor of 1612769 and 8989?
89
What is the greatest common divisor of 256310 and 76822?
142
What is the highest common divisor of 8 and 525110?
2
What is the greatest common factor of 3382512 and 39?
3
Calculate the highest common factor of 22474 and 221714.
34
What is the highest common factor of 16884622 and 713?
23
Calculate the greatest common factor of 10066822 and 136.
34
What is the highest common divisor of 20508 and 553764?
12
What is the highest common factor of 6224 and 48061339?
389
Calculate the highest common factor of 3737851 and 76.
19
What is the greatest common factor of 499557 and 1246?
89
Calculate the highest common divisor of 332049 and 52548.
453
Calculate the highest common factor of 2 and 21550742.
2
Calculate the highest common divisor of 125 and 3104525.
25
Calculate the highest common factor of 57 and 28995349.
19
What is the highest common factor of 59479225 and 73875?
4925
What is the greatest common factor of 6969470 and 17694?
1966
What is the greatest common divisor of 43625 and 14750?
125
Calculate the greatest common divisor of 7192 and 16384.
8
What is the greatest common factor of 44125 and 24215800?
8825
Calculate the highest common divisor of 7113 and 726387.
3
Calculate the highest common factor of 5820096 and 816.
48
What is the highest common divisor of 82685909 and 17?
17
Calculate the greatest common divisor of 78451671 and 3.
3
What is the highest common divisor of 13160 and 312268?
188
Calculate the highest common divisor of 54 and 657454347.
27
Calculate the greatest common divisor of 20420878 and 436066.
9278
What is the greatest common factor of 2100 and 53571?
21
What is the greatest common divisor of 747230 and 2530?
110
Calculate the greatest common factor of 146347133 and 1108.
277
Calculate the greatest common factor of 143660 and 21670.
110
What is the highest common factor of 23450 and 52564582?
938
Calculate the highest common factor of 50764 and 5488.
1372
What is the greatest common divisor of 3310 and 394465940?
3310
What is the highest common factor of 147 and 12018783?
21
Calculate the greatest common factor of 87785 and 1327445.
485
What is the greatest common divisor of 280 and 28571368?
56
Calculate the greatest common divisor of 1563 and 243998367.
1563
What is the highest common divisor of 78497766 and 558?
558
Calculate the highest common divisor of 11 and 61197763.
11
Calculate the greatest common divisor of 15 and 1752297.
3
What is the highest common divisor of 333421 and 781?
11
What is the highest common factor of 75119 and 979?
11
What is the highest common factor of 22315894 and 417?
139
Calculate the highest common divisor of 3130824 and 1168.
584
What is the highest common factor of 1891954 and 175718?
1706
What is the highest common divisor of 31098 and 17739?
219
Calculate the highest common factor of 109746 and 4303.
13
Calculate the highest common factor of 31807566 and 294.
294
What is the greatest common divisor of 67884453 and 1764?
441
What is the highest common factor of 894 and 21958428?
894
What is the highest common divisor of 1660208 and 528?
176
Calculate the greatest common divisor of 256 and 14627776.
64
Calculate the greatest common factor of 298 and 32482.
298
What is the greatest common factor of 478425465 and 30?
15
Calculate the greatest common factor of 520976 and 32.
16
Calculate the greatest common divisor of 7584 and 12750916.
316
Calculate the highest common factor of 2096 and 24509576.
1048
What is the greatest common factor of 1310 and 2454730?
10
What is the greatest common factor of 10705198 and 28?
14
What is the highest common divisor of 137982 and 4089?
87
What is the highest common divisor of 2180 and 4585194?
218
Calculate the greatest common divisor of 2282 and 96892579.
1141
Calculate the highest common factor of 8567 and 1376279983.
8567
What is the highest common divisor of 11259 and 2418183?
1251
Calculate the greatest common divisor of 257 and 998273067.
2